{"id":3959,"date":"2022-04-27T15:19:44","date_gmt":"2022-04-27T13:19:44","guid":{"rendered":"http:\/\/walker.org.pl\/kontakt\/"},"modified":"2022-04-28T23:48:06","modified_gmt":"2022-04-28T21:48:06","slug":"contact-me","status":"publish","type":"page","link":"https:\/\/subiekt.bydgoszcz.pl\/en\/contact-me\/","title":{"rendered":"Contact me"},"content":{"rendered":"<p><img loading=\"lazy\" decoding=\"async\" width=\"600\" height=\"450\" class=\"size-full wp-image-216 alignright\" src=\"https:\/\/subiekt.bydgoszcz.pl\/wp-content\/uploads\/2022\/04\/kontakt.jpg\" alt=\"\" srcset=\"https:\/\/subiekt.bydgoszcz.pl\/wp-content\/uploads\/2022\/04\/kontakt.jpg 600w, https:\/\/subiekt.bydgoszcz.pl\/wp-content\/uploads\/2022\/04\/kontakt-250x188.jpg 250w, https:\/\/subiekt.bydgoszcz.pl\/wp-content\/uploads\/2022\/04\/kontakt-120x90.jpg 120w, https:\/\/subiekt.bydgoszcz.pl\/wp-content\/uploads\/2022\/04\/kontakt-267x200.jpg 267w\" sizes=\"auto, (max-width: 600px) 100vw, 600px\" \/><\/p>\n<p><strong>Adam Piekarski<\/strong><br \/>\nBydgoszcz<\/p>\n<p><strong>Kontakt:<\/strong><br \/>\nemail: <a href=\"mailto:padam3@wp.pl\">padam3@wp.pl<\/a><\/p>\n","protected":false},"excerpt":{"rendered":"Adam Piekarski Bydgoszcz Kontakt: email: padam3@wp.pl","protected":false},"author":4,"featured_media":0,"parent":0,"menu_order":0,"comment_status":"closed","ping_status":"closed","template":"","meta":{"footnotes":""},"class_list":["post-3959","page","type-page","status-publish","hentry"],"acf":[],"yoast_head":"<!-- This site is optimized with the Yoast SEO plugin v27.8 - https:\/\/yoast.com\/product\/yoast-seo-wordpress\/ -->\n<title>Contact me - Moja w\u0119dr&oacute;wka po tubylczej \u015bcie\u017cce<\/title>\n<meta name=\"robots\" content=\"index, follow, max-snippet:-1, max-image-preview:large, max-video-preview:-1\" \/>\n<link rel=\"canonical\" href=\"https:\/\/subiekt.bydgoszcz.pl\/kontakt\/\" \/>\n<meta property=\"og:locale\" content=\"en_US\" \/>\n<meta property=\"og:type\" content=\"article\" \/>\n<meta property=\"og:title\" content=\"Contact me - Moja w\u0119dr&oacute;wka po tubylczej \u015bcie\u017cce\" \/>\n<meta property=\"og:description\" content=\"Adam Piekarski Bydgoszcz Kontakt: email: padam3@wp.pl\" \/>\n<meta property=\"og:url\" content=\"https:\/\/subiekt.bydgoszcz.pl\/kontakt\/\" \/>\n<meta property=\"og:site_name\" content=\"Moja w\u0119dr&oacute;wka po tubylczej \u015bcie\u017cce\" \/>\n<meta property=\"article:modified_time\" content=\"2022-04-28T21:48:06+00:00\" \/>\n<meta property=\"og:image\" content=\"https:\/\/subiekt.bydgoszcz.pl\/wp-content\/uploads\/2022\/04\/kontakt.jpg\" \/>\n<meta name=\"twitter:card\" content=\"summary_large_image\" \/>\n<meta name=\"twitter:label1\" content=\"Est. reading time\" \/>\n\t<meta name=\"twitter:data1\" content=\"1 minute\" \/>\n<script type=\"application\/ld+json\" class=\"yoast-schema-graph\">{\"@context\":\"https:\\\/\\\/schema.org\",\"@graph\":[{\"@type\":\"WebPage\",\"@id\":\"https:\\\/\\\/subiekt.bydgoszcz.pl\\\/kontakt\\\/\",\"url\":\"https:\\\/\\\/subiekt.bydgoszcz.pl\\\/kontakt\\\/\",\"name\":\"Contact me - Moja w\u0119dr&oacute;wka po tubylczej \u015bcie\u017cce\",\"isPartOf\":{\"@id\":\"https:\\\/\\\/subiekt.bydgoszcz.pl\\\/#website\"},\"primaryImageOfPage\":{\"@id\":\"https:\\\/\\\/subiekt.bydgoszcz.pl\\\/kontakt\\\/#primaryimage\"},\"image\":{\"@id\":\"https:\\\/\\\/subiekt.bydgoszcz.pl\\\/kontakt\\\/#primaryimage\"},\"thumbnailUrl\":\"https:\\\/\\\/subiekt.bydgoszcz.pl\\\/wp-content\\\/uploads\\\/2022\\\/04\\\/kontakt.jpg\",\"datePublished\":\"2022-04-27T13:19:44+00:00\",\"dateModified\":\"2022-04-28T21:48:06+00:00\",\"breadcrumb\":{\"@id\":\"https:\\\/\\\/subiekt.bydgoszcz.pl\\\/kontakt\\\/#breadcrumb\"},\"inLanguage\":\"en-US\",\"potentialAction\":[{\"@type\":\"ReadAction\",\"target\":[\"https:\\\/\\\/subiekt.bydgoszcz.pl\\\/kontakt\\\/\"]}]},{\"@type\":\"ImageObject\",\"inLanguage\":\"en-US\",\"@id\":\"https:\\\/\\\/subiekt.bydgoszcz.pl\\\/kontakt\\\/#primaryimage\",\"url\":\"https:\\\/\\\/subiekt.bydgoszcz.pl\\\/wp-content\\\/uploads\\\/2022\\\/04\\\/kontakt.jpg\",\"contentUrl\":\"https:\\\/\\\/subiekt.bydgoszcz.pl\\\/wp-content\\\/uploads\\\/2022\\\/04\\\/kontakt.jpg\"},{\"@type\":\"BreadcrumbList\",\"@id\":\"https:\\\/\\\/subiekt.bydgoszcz.pl\\\/kontakt\\\/#breadcrumb\",\"itemListElement\":[{\"@type\":\"ListItem\",\"position\":1,\"name\":\"Strona g\u0142\u00f3wna\",\"item\":\"https:\\\/\\\/subiekt.bydgoszcz.pl\\\/en\\\/\"},{\"@type\":\"ListItem\",\"position\":2,\"name\":\"Contact me\"}]},{\"@type\":\"WebSite\",\"@id\":\"https:\\\/\\\/subiekt.bydgoszcz.pl\\\/#website\",\"url\":\"https:\\\/\\\/subiekt.bydgoszcz.pl\\\/\",\"name\":\"Moja w\u0119dr&oacute;wka po tubylczej \u015bcie\u017cce\",\"description\":\"Startowa o mnie handicraft events gallery\",\"potentialAction\":[{\"@type\":\"SearchAction\",\"target\":{\"@type\":\"EntryPoint\",\"urlTemplate\":\"https:\\\/\\\/subiekt.bydgoszcz.pl\\\/?s={search_term_string}\"},\"query-input\":{\"@type\":\"PropertyValueSpecification\",\"valueRequired\":true,\"valueName\":\"search_term_string\"}}],\"inLanguage\":\"en-US\"}]}<\/script>\n<!-- \/ Yoast SEO plugin. -->","yoast_head_json":{"title":"Contact me - Moja w\u0119dr&oacute;wka po tubylczej \u015bcie\u017cce","robots":{"index":"index","follow":"follow","max-snippet":"max-snippet:-1","max-image-preview":"max-image-preview:large","max-video-preview":"max-video-preview:-1"},"canonical":"https:\/\/subiekt.bydgoszcz.pl\/kontakt\/","og_locale":"en_US","og_type":"article","og_title":"Contact me - Moja w\u0119dr&oacute;wka po tubylczej \u015bcie\u017cce","og_description":"Adam Piekarski Bydgoszcz Kontakt: email: padam3@wp.pl","og_url":"https:\/\/subiekt.bydgoszcz.pl\/kontakt\/","og_site_name":"Moja w\u0119dr&oacute;wka po tubylczej \u015bcie\u017cce","article_modified_time":"2022-04-28T21:48:06+00:00","og_image":[{"url":"https:\/\/subiekt.bydgoszcz.pl\/wp-content\/uploads\/2022\/04\/kontakt.jpg","type":"","width":"","height":""}],"twitter_card":"summary_large_image","twitter_misc":{"Est. reading time":"1 minute"},"schema":{"@context":"https:\/\/schema.org","@graph":[{"@type":"WebPage","@id":"https:\/\/subiekt.bydgoszcz.pl\/kontakt\/","url":"https:\/\/subiekt.bydgoszcz.pl\/kontakt\/","name":"Contact me - Moja w\u0119dr&oacute;wka po tubylczej \u015bcie\u017cce","isPartOf":{"@id":"https:\/\/subiekt.bydgoszcz.pl\/#website"},"primaryImageOfPage":{"@id":"https:\/\/subiekt.bydgoszcz.pl\/kontakt\/#primaryimage"},"image":{"@id":"https:\/\/subiekt.bydgoszcz.pl\/kontakt\/#primaryimage"},"thumbnailUrl":"https:\/\/subiekt.bydgoszcz.pl\/wp-content\/uploads\/2022\/04\/kontakt.jpg","datePublished":"2022-04-27T13:19:44+00:00","dateModified":"2022-04-28T21:48:06+00:00","breadcrumb":{"@id":"https:\/\/subiekt.bydgoszcz.pl\/kontakt\/#breadcrumb"},"inLanguage":"en-US","potentialAction":[{"@type":"ReadAction","target":["https:\/\/subiekt.bydgoszcz.pl\/kontakt\/"]}]},{"@type":"ImageObject","inLanguage":"en-US","@id":"https:\/\/subiekt.bydgoszcz.pl\/kontakt\/#primaryimage","url":"https:\/\/subiekt.bydgoszcz.pl\/wp-content\/uploads\/2022\/04\/kontakt.jpg","contentUrl":"https:\/\/subiekt.bydgoszcz.pl\/wp-content\/uploads\/2022\/04\/kontakt.jpg"},{"@type":"BreadcrumbList","@id":"https:\/\/subiekt.bydgoszcz.pl\/kontakt\/#breadcrumb","itemListElement":[{"@type":"ListItem","position":1,"name":"Strona g\u0142\u00f3wna","item":"https:\/\/subiekt.bydgoszcz.pl\/en\/"},{"@type":"ListItem","position":2,"name":"Contact me"}]},{"@type":"WebSite","@id":"https:\/\/subiekt.bydgoszcz.pl\/#website","url":"https:\/\/subiekt.bydgoszcz.pl\/","name":"Moja w\u0119dr&oacute;wka po tubylczej \u015bcie\u017cce","description":"Startowa o mnie handicraft events gallery","potentialAction":[{"@type":"SearchAction","target":{"@type":"EntryPoint","urlTemplate":"https:\/\/subiekt.bydgoszcz.pl\/?s={search_term_string}"},"query-input":{"@type":"PropertyValueSpecification","valueRequired":true,"valueName":"search_term_string"}}],"inLanguage":"en-US"}]}},"_links":{"self":[{"href":"https:\/\/subiekt.bydgoszcz.pl\/en\/wp-json\/wp\/v2\/pages\/3959","targetHints":{"allow":["GET"]}}],"collection":[{"href":"https:\/\/subiekt.bydgoszcz.pl\/en\/wp-json\/wp\/v2\/pages"}],"about":[{"href":"https:\/\/subiekt.bydgoszcz.pl\/en\/wp-json\/wp\/v2\/types\/page"}],"author":[{"embeddable":true,"href":"https:\/\/subiekt.bydgoszcz.pl\/en\/wp-json\/wp\/v2\/users\/4"}],"replies":[{"embeddable":true,"href":"https:\/\/subiekt.bydgoszcz.pl\/en\/wp-json\/wp\/v2\/comments?post=3959"}],"version-history":[{"count":1,"href":"https:\/\/subiekt.bydgoszcz.pl\/en\/wp-json\/wp\/v2\/pages\/3959\/revisions"}],"predecessor-version":[{"id":4109,"href":"https:\/\/subiekt.bydgoszcz.pl\/en\/wp-json\/wp\/v2\/pages\/3959\/revisions\/4109"}],"wp:attachment":[{"href":"https:\/\/subiekt.bydgoszcz.pl\/en\/wp-json\/wp\/v2\/media?parent=3959"}],"curies":[{"name":"wp","href":"https:\/\/api.w.org\/{rel}","templated":true}]}}

<!-- This site is optimized with the Yoast SEO plugin v27.8 - https://yoast.com/product/yoast-seo-wordpress/ -->
<title>Contact me - Moja wędr&oacute;wka po tubylczej ścieżce</title>
<meta name="robots" content="index, follow, max-snippet:-1, max-image-preview:large, max-video-preview:-1" />
<link rel="canonical" href="https://subiekt.bydgoszcz.pl/kontakt/" />
<meta property="og:locale" content="en_US" />
<meta property="og:type" content="article" />
<meta property="og:title" content="Contact me - Moja wędr&oacute;wka po tubylczej ścieżce" />
<meta property="og:description" content="Adam Piekarski Bydgoszcz Kontakt: email: padam3@wp.pl" />
<meta property="og:url" content="https://subiekt.bydgoszcz.pl/kontakt/" />
<meta property="og:site_name" content="Moja wędr&oacute;wka po tubylczej ścieżce" />
<meta property="article:modified_time" content="2022-04-28T21:48:06+00:00" />
<meta property="og:image" content="https://subiekt.bydgoszcz.pl/wp-content/uploads/2022/04/kontakt.jpg" />
<meta name="twitter:card" content="summary_large_image" />
<meta name="twitter:label1" content="Est. reading time" />
	<meta name="twitter:data1" content="1 minute" />
<script type="application/ld+json" class="yoast-schema-graph">{"@context":"https:\/\/schema.org","@graph":[{"@type":"WebPage","@id":"https:\/\/subiekt.bydgoszcz.pl\/kontakt\/","url":"https:\/\/subiekt.bydgoszcz.pl\/kontakt\/","name":"Contact me - Moja wędr&oacute;wka po tubylczej ścieżce","isPartOf":{"@id":"https:\/\/subiekt.bydgoszcz.pl\/#website"},"primaryImageOfPage":{"@id":"https:\/\/subiekt.bydgoszcz.pl\/kontakt\/#primaryimage"},"image":{"@id":"https:\/\/subiekt.bydgoszcz.pl\/kontakt\/#primaryimage"},"thumbnailUrl":"https:\/\/subiekt.bydgoszcz.pl\/wp-content\/uploads\/2022\/04\/kontakt.jpg","datePublished":"2022-04-27T13:19:44+00:00","dateModified":"2022-04-28T21:48:06+00:00","breadcrumb":{"@id":"https:\/\/subiekt.bydgoszcz.pl\/kontakt\/#breadcrumb"},"inLanguage":"en-US","potentialAction":[{"@type":"ReadAction","target":["https:\/\/subiekt.bydgoszcz.pl\/kontakt\/"]}]},{"@type":"ImageObject","inLanguage":"en-US","@id":"https:\/\/subiekt.bydgoszcz.pl\/kontakt\/#primaryimage","url":"https:\/\/subiekt.bydgoszcz.pl\/wp-content\/uploads\/2022\/04\/kontakt.jpg","contentUrl":"https:\/\/subiekt.bydgoszcz.pl\/wp-content\/uploads\/2022\/04\/kontakt.jpg"},{"@type":"BreadcrumbList","@id":"https:\/\/subiekt.bydgoszcz.pl\/kontakt\/#breadcrumb","itemListElement":[{"@type":"ListItem","position":1,"name":"Strona główna","item":"https:\/\/subiekt.bydgoszcz.pl\/en\/"},{"@type":"ListItem","position":2,"name":"Contact me"}]},{"@type":"WebSite","@id":"https:\/\/subiekt.bydgoszcz.pl\/#website","url":"https:\/\/subiekt.bydgoszcz.pl\/","name":"Moja wędr&oacute;wka po tubylczej ścieżce","description":"Startowa o mnie handicraft events gallery","potentialAction":[{"@type":"SearchAction","target":{"@type":"EntryPoint","urlTemplate":"https:\/\/subiekt.bydgoszcz.pl\/?s={search_term_string}"},"query-input":{"@type":"PropertyValueSpecification","valueRequired":true,"valueName":"search_term_string"}}],"inLanguage":"en-US"}]}</script>
<!-- / Yoast SEO plugin. -->

Contact me - Moja wędr&oacute;wka po tubylczej ścieżce

Moja wędr&oacute;wka po tubylczej ścieżce

Strona główna
